{"id":67,"date":"2020-03-24T17:45:03","date_gmt":"2020-03-24T16:45:03","guid":{"rendered":""},"modified":"2020-03-26T10:14:31","modified_gmt":"2020-03-26T09:14:31","slug":"bezahlmoeglichkeiten","status":"publish","type":"page","link":"https:\/\/feel-harmony.at\/shop\/bezahlmoeglichkeiten\/","title":{"rendered":"Zahlungsarten"},"content":{"rendered":"<div class=\"woocommerce woocommerce-gzd\">\n\t<ul class=\"payment_methods methods\">\n\t\t\t\t\t<li class=\"payment_method_bacs\">\n\t\t\t\t<label>Direkte Bank\u00fcberweisung<\/label>\n\t\t\t\t\t\t\t\t\t<div class=\"payment_box payment_method_bacs\">\n\t\t\t\t\t\t<p>\u00dcberweise direkt an unsere Bankverbindung. Bitte nutze die Bestellnummer als Verwendungszweck. Deine Bestellung wird erst nach Geldeingang auf unserem Konto versandt.<\/p>\n\t\t\t\t\t<\/div>\n\t\t\t\t\t\t\t<\/li>\n\t\t\t\t\t<li class=\"payment_method_paypal\">\n\t\t\t\t<label>PayPal<img decoding=\"async\" src=\"https:\/\/feel-harmony.at\/shop\/wp-content\/plugins\/woocommerce\/assets\/images\/paypal.png\" alt=\"\u201ePaypal akzeptiert\u201c-Logo\" \/><\/label>\n\t\t\t\t\t\t\t\t\t<div class=\"payment_box payment_method_paypal\">\n\t\t\t\t\t\t<p>Mit Paypal bezahlen. Solltest du keinen Paypal-Account besitzen, kannst du auch mit deiner Kreditkarte bezahlen.<\/p>\n\t\t\t\t\t<\/div>\n\t\t\t\t\t\t\t<\/li>\n\t\t\t\t\t<li class=\"payment_method_cop\">\n\t\t\t\t<label>Barzahlung bei Abholung<\/label>\n\t\t\t\t\t\t\t\t\t<div class=\"payment_box payment_method_cop\">\n\t\t\t\t\t\t<p>Barzahlung bei Abholung<\/p>\n\t\t\t\t\t<\/div>\n\t\t\t\t\t\t\t<\/li>\n\t\t\t<\/ul>\n<\/div>\n\n\n<p><br>Die Zahlung folgt per:<br>PayPal<br>Bei Zahlung per PayPal erfolgt die Belastung Ihres Kontos mit Abschluss der Bestellung<br>\u00dcberweisung<br>\u00dcberweise direkt an unsere Bankverbindung. Bitte nutze die Bestellnummer als Verwendungszweck. Deine Bestellung wird erst nach Geldeingang auf unserem Konto versandt.<br>Bezahlung bei Abholung<br>Gerne kannst du deine Bestellung bei Abholung gerne Bar oder mit Karte bezahlen.\u00a0<\/p>\n\n\n\n<p>Zahlungsverzug<br>Kommt der Besteller in Zahlungsverzug, so ist\u00a0\u00a0Feel Harmony e.U. berechtigt, Verzugszinsen in H\u00f6he von 15% \u00fcber dem von der \u00d6sterreichischen Nationalbank (\u00d6NB) bekanntgegebenen Basiszinssatz p.a. zu fordern. Falls\u00a0\u00a0Feel Harmony e.U. ein h\u00f6herer Verzugsschaden nachweisbar entstanden ist, ist\u00a0\u00a0Feel Harmony e.U. berechtigt, diesen geltend zu machen. F\u00fcr die 2. Mahnung werden Euro 5,- und f\u00fcr die 3. Mahnung Euro 10,- Mahnspesen berechnet. Nach der 3. Mahnung wird die offene Forderung einem Inkassob\u00fcro \u00fcbergeben, deren Kosten und Nebenkosten zuz\u00fcglich Zinsen von Schuldner zu tragen sind.\u00a0<br>Der Kunde hat alle Betr\u00e4ge sp\u00e4testens 14 Tage nach der Zahlungsaufforderung ohne Abzug zu zahlen; ma\u00dfgeblich ist der Eingang des Betrags auf einem unserer Gesch\u00e4ftskonten. Nach erfolglosem Ablauf der Frist wird die Bestellung ohne weiterer Verst\u00e4ndigung aus dem Programm genommen.<\/p>\n\n\n\n<p>Aufrechnung, Zur\u00fcckbehaltung<br>Ein Recht zur Aufrechnung steht Ihnen nur zu, wenn Ihre Gegenanspr\u00fcche rechtskr\u00e4ftig festgestellt oder schriftlich von\u00a0\u00a0Feel Harmony e.U. anerkannt sind. Au\u00dferdem sind Sie zur Aus\u00fcbung eines Zur\u00fcckbehaltungsrechts nur insoweit befugt, als Ihr Gegenanspruch auf dem gleichen Vertragsverh\u00e4ltnis beruht.<\/p>\n\n\n\n<p>Eigentumsvorbehalt<br>Bis zur vollst\u00e4ndigen Begleichung aller gegen den Besteller bestehenden Anspr\u00fcche verbleibt die gelieferte Ware im Eigentum von\u00a0\u00a0Feel Harmony e.U..<\/p>\n","protected":false},"excerpt":{"rendered":"<p>Die Zahlung folgt per:PayPalBei Zahlung per PayPal erfolgt die Belastung Ihres Kontos mit Abschluss der Bestellung\u00dcberweisung\u00dcberweise direkt an unsere Bankverbindung. Bitte nutze die Bestellnummer als Verwendungszweck. Deine Bestellung wird erst nach Geldeingang auf unserem Konto versandt.Bezahlung bei AbholungGerne kannst du deine Bestellung bei Abholung gerne Bar oder mit Karte bezahlen.\u00a0 ZahlungsverzugKommt der Besteller in Zahlungsverzug, [&hellip;]<\/p>\n","protected":false},"author":1,"featured_media":0,"parent":0,"menu_order":0,"comment_status":"closed","ping_status":"closed","template":"","meta":{"footnotes":""},"class_list":["post-67","page","type-page","status-publish","hentry"],"_links":{"self":[{"href":"https:\/\/feel-harmony.at\/shop\/wp-json\/wp\/v2\/pages\/67","targetHints":{"allow":["GET"]}}],"collection":[{"href":"https:\/\/feel-harmony.at\/shop\/wp-json\/wp\/v2\/pages"}],"about":[{"href":"https:\/\/feel-harmony.at\/shop\/wp-json\/wp\/v2\/types\/page"}],"author":[{"embeddable":true,"href":"https:\/\/feel-harmony.at\/shop\/wp-json\/wp\/v2\/users\/1"}],"replies":[{"embeddable":true,"href":"https:\/\/feel-harmony.at\/shop\/wp-json\/wp\/v2\/comments?post=67"}],"version-history":[{"count":1,"href":"https:\/\/feel-harmony.at\/shop\/wp-json\/wp\/v2\/pages\/67\/revisions"}],"predecessor-version":[{"id":297,"href":"https:\/\/feel-harmony.at\/shop\/wp-json\/wp\/v2\/pages\/67\/revisions\/297"}],"wp:attachment":[{"href":"https:\/\/feel-harmony.at\/shop\/wp-json\/wp\/v2\/media?parent=67"}],"curies":[{"name":"wp","href":"https:\/\/api.w.org\/{rel}","templated":true}]}}